 divided by 267539.
104
Calculate the remainder when 30367872 is divided by 1723.
1720
Calculate the remainder when 12574041 is divided by 84.
81
Calculate the remainder when 3069100 is divided by 122763.
25
Calculate the remainder when 68933696 is divided by 270.
266
Calculate the remainder when 1795499 is divided by 2929.
22
What is the remainder when 1557694 is divided by 398?
320
Calculate the remainder when 29365270 is divided by 444.
442
Calculate the remainder when 3064515 is divided by 1359.
1329
Calculate the remainder when 29955 is divided by 1072.
1011
What is the remainder when 12413138 is divided by 21?
17
Calculate the remainder when 26080 is divided by 293.
3
What is the remainder when 660623 is divided by 73386?
149
What is the remainder when 762615 is divided by 6?
3
Calculate the remainder when 1170917 is divided by 21.
20
Calculate the remainder when 279775 is divided by 34961.
87
What is the remainder when 3477541 is divided by 314?
305
What is the remainder when 22877 is divided by 22837?
40
Calculate the remainder when 1002565 is divided by 711.
55
What is the remainder when 20518675 is divided by 49682?
9
Calculate the remainder when 34234 is divided by 16883.
468
What is the remainder when 4715434 is divided by 1539?
1477
What is the remainder when 1834248 is divided by 145?
143
Calculate the remainder when 250468 is divided by 2178.
2176
Calculate the remainder when 15834238 is divided by 21.
7
Calculate the remainder when 262045 is divided by 357.
7
What is the remainder when 28509135 is divided by 9503042?
9
Calculate the remainder when 782178 is divided by 1217.
864
Calculate the remainder when 464011 is divided by 7733.
31
Calculate the remainder when 61204 is divided by 110.
44
Calculate the remainder when 9561166 is divided by 536.
534
What is the remainder when 152095069 is divided by 21?
7
What is the remainder when 17572582 is divided by 924871?
33
Calculate the remainder when 1784278 is divided by 407.
397
What is the remainder when 2670942 is divided by 453?
54
Calculate the remainder when 460622 is divided by 13151.
337
Calculate the remainder when 2397154 is divided by 744.
730
What is the remainder when 99449 is divided by 7094?
133
What is the remainder when 68862458 is divided by 1917?
1901
What is the remainder when 298434 is divided by 5706?
1722
Calculate the remainder when 3299942 is divided by 549975.
92
Calculate the remainder when 8047598 is divided by 183.
173
What is the remainder when 995112 is divided by 41463?
0
Calculate the remainder when 861971 is divided by 43098.
11
Calculate the remainder when 5616879 is divided by 4809.
4776
What is the remainder when 4428632 is divided by 369046?
80
Calculate the remainder when 9031569 is divided by 6.
3
Calculate the remainder when 220187157 is divided by 972.
969
What is the remainder when 509200 is divided by 36364?
104
What is the remainder when 244722 is divided by 2225?
2197
Calculate the remainder when 21589546 is divided by 716.
714
Calculate the remainder when 5548 is divided by 1377.
40
Calculate the remainder when 135046 is divided by 2178.
10
Calculate the remainder when 6691952 is divided by 1.
0
Calculate the remainder when 717275 is divided by 7032.
11
What is the remainder when 731944 is divided by 101?
98
Calculate the remainder when 235109740 is divided by 59.
50
What is the remainder when 982350 is divided by 163529?
1176
Calculate the remainder when 356112928 is divided by 35.
3
What is the remainder when 3224117 is divided by 247992?
221
What is the remainder when 402892 is divided by 1729?
35
What is the remainder when 9020268 is divided by 4510131?
6
Calculate the remainder when 707598 is divided by 14440.
38
Calculate the remainder when 27921455 is divided by 162.
107
Calculate the remainder when 169490 is divided by 6562.
5440
What is the remainder when 34239347 is divided by 4333?
4314
What is the remainder when 15826 is divided by 1745?
121
Calculate the remainder when 674636 is divided by 134883.
221
Calculate the remainder when 99390459 is divided by 53.
36
What is the remainder when 1971949 is divided by 19?
15
What is the remainder when 17463607 is divided by 77616?
7
Calculate the remainder when 38243677 is divided by 18.
13
What is the remainder when 53827116 is divided by 273234?
18
What is the remainder when 160458 is divided by 5890?
1428
What is the remainder when 1701361 is divided by 566722?
1195
Calculate the remainder when 1237581 is divided by 39915.
216
Calculate the remainder when 30859737 is divided by 8807.
9
Calculate the remainder when 8372565 is divided by 33.
3
What is the remainder when 1840902 is divided by 26?
24
Calculate the remainder when 156203724 is divided by 14.
12
Calculate the remainder when 16937135 is divided by 3556.
3463
Calculate the remainder when 2375019 is divided by 169641.
45
What is the remainder when 4768046 is divided by 150?
146
Calculate the remainder when 1486550 is divided by 3945.
3230
What is the remainder when 13264548 is divided by 17?
9
Calculate the remainder when 3865967 is divided by 142.
17
What is the remainder when 2102267 is divided by 53884?
791
What is the remainder when 59258656 is divided by 8131?
8059
What is the remainder when 10216649 is divided by 1702773?
11
Calculate the remainder when 53395283 is divided by 61093.
1
What is the remainder when 57415 is divided by 13131?
4891
What is the remainder when 38128 is divided by 1657?
17
What is the remainder when 242161855 is divided by 10242?
7
Calculate the remainder when 14917607 is divided by 1557.
1547
What is the remainder when 520425 is divided by 10217?
9575
Calculate the remainder when 130567 is divided by 6868.
75
What is the remainder when 88739806 is divided by 311?
310
What is the remainder when 20660436 is divided by 184?
180
What is the remainder when 8627 is divided by 2507?
1106
What is the remainder when 34695635 is divided by 2151?
5
Calculate the remainder when 614717 is divided by 102446.
41
Calculate the remainder when 567527 is divided by 141611.
1083
Calculate the remainder when 8167527 is divided by 137.
135
Calculate the remainder when 1659838 is divided by 140.
138
Calculate the remainder when 913954 is divided by 33826.
652
Calculate the remainder when 3189231 is divided by 552.
327
Calculate the remainder when 32531 is divided by 383.
359
What is the remainder when 157513 is divided by 156755?
758
Calculate the remainder when 477577 is divided by 859.
832
Calculate the remainder when 6261260 is divided by 569205.
5
Calculate the remainder when 8195766 is divided by 61622.
40
What is the remainder when 31091084 is divided by 10788?
68
Calculate the remainder when 37927 is divided by 2455.
1102
Calculate the remainder when 254397822 is divided by 34.
30
Calculate the remainder when 12759961 is divided by 7896.
25
Calculate the remainder when 4127424 is divided by 196544.
0
What is the remainder when 6742152 is divided by 6742089?
63
Calculate the remainder when 413684 is divided by 1431.
125
What is the remainder when 2209555 is divided by 535?
5
Calculate the remainder when 832981 is divided by 416475.
31
What is the remainder when 74358 is divided by 185?
173
What is the remainder when 178562 is divided by 6860?
202
What is the remainder when 21271 is divided by 19920?
1351
Calculate the remainder when 543194649 is divided by 39.
36
Calculate the remainder when 8270279 is divided by 2067567.
11
What is the remainder when 18793822 is divided by 24033?
16
What is the remainder when 586211 is divided by 106?
31
Calculate the remainder when 7418741 is divided by 4663.
4571
Calculate the remainder when 269804 is divided by 1329.
17
Calculate the remainder when 1175933 is divided by 163.
51
What is the remainder when 57852 is divided by 5086?
1906
What is the remainder when 508888 is divided by 577?
551
Calculate the remainder when 66786483 is divided by 444.
3
Calculate the remainder when 16013550 is divided by 4003252.
542
Calculate the remainder when 2763161 is divided by 460477.
299
What is the remainder when 35069 is divided by 661?
36
Calculate the remainder when 7913798 is divided by 119906.
2
Calculate the remainder when 13197 is divided by 1103.
1064
What is the remainder